9, 4*v - l + 13 = 2. Let q(t) = 11*t**2 - 5*t - 8. What are the prime factors of q(v)?
2, 53
Let a(h) = 6*h**2 + 7*h - 9. Let u be a(-6). Let w = 238 - u. What are the prime factors of w?
73
Let l = 21 - 14. Suppose -l = -3*m + 11. What are the prime factors of (m/(-4))/((-12)/160)?
2, 5
Let p(t) = -t**2 - 5*t + 5. Let q be p(-5). Suppose 4*a + q = 17. Suppose -a*g = -112 + 31. What are the prime factors of g?
3
Let m(a) = 2*a + 18. Let s be m(12). What are the prime factors of (-12)/s - 438/(-14)?
31
Let f(a) = 3*a**2 + 16*a - 3. Let p(h) = 8*h**2 + 47*h - 8. Let v(r) = 11*f(r) - 4*p(r). Let k = 28 + -15. What are the prime factors of v(k)?
2, 3
Let u(k) = 4*k + 4. Let b be u(4). Let a be ((-22)/33)/(-2)*(-234)/(-2). Let l = a - b. List the prime factors of l.
19
Let h be 2 - ((-4)/6 + (-140)/(-21)). List the prime factors of 4/((-80)/(-1092)) - h/10.
5, 11
Let s(r) = 5 + 7 - r**2 - 16*r - 14 + 4. Let g be s(-16). List the prime factors of 7/(14/76) - g.
2, 3
Suppose -5*s = j - 2100, -5*s = 9*j - 5*j - 8400. List the prime factors of j.
2, 3, 5, 7
Let o(v) = 17*v**2 + v - 5. Let n be o(4). Let x = n + -159. List the prime factors of ((-6)/(-8))/(7/x).
2, 3
Suppose 6*p - 6 = 4*p, d = 5*p - 13. Suppose -5*w + d*w - 158 = -5*s, 154 = 5*s - 4*w. What are the prime factors of s?
2, 17
Let x = 55 + -14. List the prime factors of (3/(-3))/((-1)/x).
41
Let q = 2043 + 835. List the prime factors of q.
2, 1439
Let m(z) = z**3 + 9*z**2 - 12*z - 9. Let g be m(-10). Suppose 2*a - g = 23. What are the prime factors of a?
17
Let c be (12/16)/((-15)/(-40)). Suppose -v = 4, -2*g - c*v + 42 = -248. List the prime factors of g.
149
Let m be 2 - (-5)/((-15)/(-12)). Suppose -m*j + 8*j - 4 = 0. Suppose -j*y - y - 45 = -p, p - 75 = -3*y. What are the prime factors of p?
2, 3, 5
Suppose -r = 5*b + r + 2170, 5*r = 0. Let m = -171 - b. What are the prime factors of m?
263
Let m be ((-10)/(-3))/(13/13767). What are the prime factors of 6/(-33) + m/55?
2
Let k(n) = -n**3 + 9*n**2 + n + 1. Let q be 987/126 + (-1)/(-6). List the prime factors of k(q).
73
Let i(v) = -v**3 + 20*v**2 - 67*v + 544. What are the prime factors of i(10)?
2, 19, 23
Let o(k) = 6*k**2 + 51*k - 320. What are the prime factors of o(7)?
331
Suppose -14*n = -15*n + 396. List the prime factors of n.
2, 3, 11
Let c = 411 + 10. Suppose -2*n - 424 = -2*z, -8*z - n - c = -10*z. List the prime factors of z.
11, 19
Suppose 10*s - 11160 = 750. What are the prime factors of s?
3, 397
Suppose 0 = -0*y + 8*y - 800. List the prime factors of y.
2, 5
Let g(r) = 65*r - 55. What are the prime factors of g(15)?
2, 5, 23
Let t(d) = -7*d - 2. Let o(k) = 41*k + 12. Let q(p) = 6*o(p) + 34*t(p). Let a(y) = -y**3 - 14*y**2 + y + 19. Let x be a(-14). List the prime factors of q(x).
2, 11
Suppose -76*z - 3 = -73*z. What are the prime factors of z + 415/(-1)*(-18)/30?
2, 31
Let f(l) = l**2 + 2*l - 4. Let g be f(-3). Let s be g/(3 + (-44)/14). Suppose s*p - 96 = 4*p. List the prime factors of p.
2
Let g = 19 - 7. Suppose -3 = 3*n - 4*p - g, -2*p = n + 7. What are the prime factors of -1 + (-26 + 2)*n?
23
List the prime factors of 1242 + (-6 - -2) + 2.
2, 5, 31
Suppose p + 36*b = 33*b + 217, 5*p - 4*b - 990 = 0. What are the prime factors of p?
2, 101
Let u = -711 - -821. What are the prime factors of u?
2, 5, 11
Suppose 2*k = -2*r + 400, -4*k - 532 - 252 = -4*r. What are the prime factors of r?
2, 3, 11
Let o(j) = 2*j**2 - 8*j - 1. List the prime factors of o(12).
191
Suppose -14*r = -1765 - 6341. What are the prime factors of r?
3, 193
Let b(t) = -t**2 + 10*t + 285. What are the prime factors of b(0)?
3, 5, 19
Let g be (-2)/((-3)/(-3))*(59 + -6). List the prime factors of (-2)/8 + g/(-8).
13
Suppose -10 = -2*x, -4*x + 6*x = 3*a - 1118. List the prime factors of a.
2, 47
Let o = -588 - -587. Let h(i) = -38*i + 4 - 26*i - 2. List the prime factors of h(o).
2, 3, 11
Let w be 64/6*(-3)/(-2). Let u = 199 - 229. List the prime factors of (-4)/((w/u)/4).
2, 3, 5
Suppose -12*k + 3288 = 696. Suppose -4*x - k = -532. What are the prime factors of x?
79
Suppose -4 = 2*t - 14, 2*k + 4*t + 18 = 0. Let h = k + 82. What are the prime factors of h?
3, 7
Suppose 0 = -5*q - 6*q + 10483. List the prime factors of q.
953
Suppose 322 = -4*f + 990. Let r = -11 + 16. Suppose -2*l = 5*n - 0*l - f, 0 = -5*n + r*l + 195. What are the prime factors of n?
5, 7
Let f(q) = -q**3 - 2*q + 2. Let g be f(0). Suppose -g*k = k. Suppose -l = 2*j - 78, k = l - 2*l + j + 78. List the prime factors of l.
2, 3, 13
Let s(q) = 10*q - 2*q + 18 + 0*q - 2. What are the prime factors of s(5)?
2, 7
Let a be -4 + 4 + 3 + 2. Suppose 0 = -b + a*b. Suppose b = 3*l - 5*l + 78. List the prime factors of l.
3, 13
Let h = -615 - -1038. What are the prime factors of h?
3, 47
Suppose 8*v + 134 = 7*v. Let y = v - -276. List the prime factors of y.
2, 71
Let o = 25 + -9. Let w = o + -6. What are the prime factors of w?
2, 5
Suppose 0 = 4*u + u - 20, x - 3*u + 4 = 0. Let l be (x + 2 - 2) + -3. Suppose -c + 2 = l*p - 4, -2*c - 4*p + 24 = 0. List the prime factors of c.
2
Suppose 1280 = -8*q - 2*q. Let m = -16 - q. What are the prime factors of m?
2, 7
Suppose -3*s = -12, -3*d - 5*s = -24 - 29. What are the prime factors of (-28)/(-154) + 911/d?
83
Let p = 3 - 0. Let f = -54 + 54. Suppose -x - p*x + 8 = f. What are the prime factors of x?
2
Suppose -2*g + 16168 = 4*q, 7*g - 3*g + 12104 = 3*q. What are the prime factors of q?
2, 5, 101
Suppose -5*s + t + 1234 = -0*t, 2*t - 976 = -4*s. What are the prime factors of s?
2, 3, 41
Suppose 1 - 20 = -4*m - 5*q, 3*q = 3*m - 21. Suppose p = m + 56. List the prime factors of p.
2, 31
Let h(g) = -3*g + 2. Let s(d) = d**3 + 8*d**2 - 2*d + 9. Let y be s(-8). Let z be (-20)/y*(-1 + 6). List the prime factors of h(z).
2, 7
Suppose -32*j - 52*j + 330876 = 0. List the prime factors of j.
3, 13, 101
Let d(p) be the first derivative of -p**4/4 + 5*p**3/3 + 9*p**2/2 - 3*p + 4. Let m = -9 + 15. What are the prime factors of d(m)?
3, 5
Let h = -2 - -7. Suppose 66 = h*f - 2*f - 4*d, -2*f + 44 = -4*d. Suppose k - f = -6. List the prime factors of k.
2
Let u(t) = -t**3 - t**2 + t + 41. Let a be u(0). Suppose 0 = 11*i - 5*i + 144. Let h = a + i. List the prime factors of h.
17
Let h(a) = 3510*a + 8. Let k be h(2). List the prime factors of k/70 + (-2)/5.
2, 5
Let o(p) = 2*p**2 - 20*p - 7. List the prime factors of o(-21).
5, 7, 37
Let z(x) be the first derivative of 40*x**3/3 - x**2/2 + 11. Let j(c) = c + 9. Let t be j(-10). List the prime factors of z(t).
41
Suppose 38 = t + 3*t - 5*g, 4*t - 46 = g. Let h be 10 - 3/(t/16). Let y(c) = -c**3 + 8*c**2 - 9*c + 8. List the prime factors of y(h).
2, 13
Let q(o) = 69*o**3 - 3*o**2 - 8*o + 17. What are the prime factors of q(2)?
541
Let r(j) = 3*j**3 - 2*j**3 - 6 - 4*j**2 - 2*j + 7*j**2 + 2*j**2. Let i be r(-5). Suppose 5*x = n - i, n + 2*n - x - 54 = 0. What are the prime factors of n?
19
What are the prime factors of -5 + 1 + (-33120)/(-24)?
2, 43
Suppose -w + 4*z + 405 + 676 = 0, 5*z = w - 1083. What are the prime factors of w?
29, 37
Let q = -1643 + 2575. List the prime factors of q.
2, 233
Suppose -4*s + 0*s + 3*v = 757, v + 1 = 0. Let d = s - -288. What are the prime factors of d?
2, 7
Suppose -13*y + 11877 = 489. List the prime factors of y.
2, 3, 73
Let n(w) = 3*w**2 - 22*w - 7. Let p(c) = c**2 - 7*c - 2. Let d(s) = -4*n(s) + 11*p(s). Let f = 8 + 3. What are the prime factors of d(f)?
2, 3
Suppose 14*k = 16*k - 6. Suppose j + 23 + 12 = -k*z, -5*j - 32 = 2*z. Let y = -9 - z. List the prime factors of y.
2
Let o be 2/(-9) - ((-296)/36 - 4). Let q(u) = -u**3 + 13*u**2 - 7*u + 5. What are the prime factors of q(o)?
5, 13
Let v be (-998)/(-3) + 5/15. Suppose -5*l + 4*f + v = 0, -2*f - 103 = -3*l + 96. What are the prime factors of l?
5, 13
Let b(i) = i**3 + 5*i**2 + 5*i + 2. Let n be b(-4). What are the prime factors of n/11 + 3887/143?
3
Let u = 109 + 9. What are the prime factors of u?
2, 59
Let z(g) = 33*g + 4. Let j(p) = -p - 1. Let s(f) = -6*j(f) - z(f). What are the prime factors of s(-5)?
137
Let p = 2695 - 548. List the prime factors of p.
19, 113
Suppose 0 = 5*g - 2*g - 12. Suppose -g*p + 89 = -7. Let w = p + -1. What are the prime factors of w?
23
Suppose 0 = -w + 5. Suppose 2 = w*v - 18. Suppose 6*j = v